11, 157
What are the prime factors of 8594?
2, 4297
What are the prime factors of 166531?
241, 691
What are the prime factors of 1114?
2, 557
What are the prime factors of 575?
5, 23
What are the prime factors of 39693?
3, 101, 131
List the prime factors of 183.
3, 61
List the prime factors of 83536.
2, 23, 227
List the prime factors of 104576.
2, 19, 43
What are the prime factors of 101?
101
What are the prime factors of 157570?
2, 5, 7, 2251
List the prime factors of 28424.
2, 11, 17, 19
List the prime factors of 1067.
11, 97
List the prime factors of 1489.
1489
List the prime factors of 1173.
3, 17, 23
List the prime factors of 142.
2, 71
List the prime factors of 69549.
3, 97, 239
What are the prime factors of 33367?
61, 547
List the prime factors of 5085.
3, 5, 113
List the prime factors of 10953.
3, 1217
List the prime factors of 7214.
2, 3607
List the prime factors of 14315.
5, 7, 409
List the prime factors of 20132.
2, 7, 719
What are the prime factors of 51190?
2, 5, 5119
What are the prime factors of 48677?
48677
List the prime factors of 1756.
2, 439
List the prime factors of 2276.
2, 569
What are the prime factors of 1009?
1009
List the prime factors of 12645.
3, 5, 281
What are the prime factors of 94746?
2, 3, 15791
What are the prime factors of 4763?
11, 433
What are the prime factors of 13001?
13001
What are the prime factors of 131988?
2, 3, 17, 647
List the prime factors of 5882.
2, 17, 173
What are the prime factors of 75723?
3, 43, 587
List the prime factors of 265.
5, 53
List the prime factors of 4947.
3, 17, 97
What are the prime factors of 92725?
5, 3709
What are the prime factors of 3696?
2, 3, 7, 11
What are the prime factors of 1571?
1571
What are the prime factors of 1001?
7, 11, 13
What are the prime factors of 3898?
2, 1949
List the prime factors of 15457.
13, 29, 41
List the prime factors of 912.
2, 3, 19
List the prime factors of 78773.
37, 2129
What are the prime factors of 793?
13, 61
List the prime factors of 102854.
2, 51427
What are the prime factors of 1759?
1759
List the prime factors of 4272.
2, 3, 89
What are the prime factors of 76738?
2, 17, 37, 61
List the prime factors of 1761.
3, 587
List the prime factors of 8602.
2, 11, 17, 23
What are the prime factors of 11204?
2, 2801
List the prime factors of 146137.
317, 461
List the prime factors of 5819.
11, 23
What are the prime factors of 2686?
2, 17, 79
List the prime factors of 2135.
5, 7, 61
What are the prime factors of 5676?
2, 3, 11, 43
List the prime factors of 11986.
2, 13, 461
List the prime factors of 3168.
2, 3, 11
What are the prime factors of 17202?
2, 3, 47, 61
What are the prime factors of 1519?
7, 31
List the prime factors of 66832.
2, 4177
What are the prime factors of 1185?
3, 5, 79
What are the prime factors of 921?
3, 307
List the prime factors of 8833.
11, 73
List the prime factors of 732.
2, 3, 61
List the prime factors of 185.
5, 37
List the prime factors of 13212.
2, 3, 367
What are the prime factors of 70094?
2, 101, 347
List the prime factors of 555.
3, 5, 37
What are the prime factors of 2578?
2, 1289
What are the prime factors of 2282?
2, 7, 163
What are the prime factors of 5626?
2, 29, 97
List the prime factors of 25164.
2, 3, 233
List the prime factors of 811.
811
What are the prime factors of 7907?
7907
List the prime factors of 42328.
2, 11, 13, 37
What are the prime factors of 13117?
13, 1009
What are the prime factors of 40060?
2, 5, 2003
List the prime factors of 57796.
2, 14449
What are the prime factors of 24644?
2, 61, 101
What are the prime factors of 3249?
3, 19
List the prime factors of 65685.
3, 5, 29, 151
List the prime factors of 2731.
2731
List the prime factors of 1315.
5, 263
What are the prime factors of 5299?
7, 757
What are the prime factors of 18694?
2, 13, 719
What are the prime factors of 2544?
2, 3, 53
List the prime factors of 10977.
3, 3659
List the prime factors of 7320.
2, 3, 5, 61
What are the prime factors of 36223?
11, 37, 89
What are the prime factors of 1959?
3, 653
What are the prime factors of 954?
2, 3, 53
What are the prime factors of 34036?
2, 67, 127
List the prime factors of 60.
2, 3, 5
What are the prime factors of 58117?
89, 653
List the prime factors of 13511.
59, 229
What are the prime factors of 23842?
2, 7, 13, 131
What are the prime factors of 78?
2, 3, 13
What are the prime factors of 1895?
5, 379
What are the prime factors of 742?
2, 7, 53
List the prime factors of 5371.
41, 131
What are the prime factors of 23656?
2, 2957
What are the prime factors of 232?
2, 29
List the prime factors of 105180.
2, 3, 5, 1753
What are the prime factors of 6142?
2, 37, 83
What are the prime factors of 1170?
2, 3, 5, 13
What are the prime factors of 16745?
5, 17, 197
List the prime factors of 732.
2, 3, 61
List the prime factors of 23151.
3, 7717
What are the prime factors of 1981?
7, 283
What are the prime factors of 4743?
3, 17, 31
List the prime factors of 2437.
2437
What are the prime factors of 40543?
40543
What are the prime factors of 3300?
2, 3, 5, 11
List the prime factors of 1160.
2, 5, 29
List the prime factors of 102073.
103, 991
List the prime factors of 140499.
3, 67, 233
List the prime factors of 1203.
3, 401
List the prime factors of 8174.
2, 61, 67
What are the prime factors of 54993?
3, 23, 797
What are the prime factors of 12692?
2, 19, 167
What are the prime factors of 35646?
2, 3, 13, 457
List the prime factors of 32217.
3, 10739
What are the prime factors of 170646?
2, 3, 7, 17, 239
List the prime factors of 362.
2, 181
List the prime factors of 4824.
2, 3, 67
What are the prime factors of 89503?
37, 41, 59
List the prime factors of 1330.
2, 5, 7, 19
List the prime factors of 6145.
5, 1229
What are the prime factors of 130316?
2, 32579
List the prime factors of 24764.
2, 41, 151
What are the prime factors of 5711?
5711
What are the prime factors of 791?
7, 113
What are the prime factors of 11611?
17, 683
List the prime factors of 2668.
2, 23, 29
List the prime factors of 4946.
2, 2473
What are the prime factors of 9862?
2, 4931
What are the prime factors of 3120?
2, 3, 5, 13
What are the prime factors of 150741?
3, 1861
What are the prime factors of 612?
2, 3, 17
List the prime factors of 454.
2, 227
List the prime factors of 9989.
7, 1427
What are the prime factors of 54458?
2, 73, 373
What are the prime factors of 56?
2, 7
List the prime factors of 1706.
2, 853
List the prime factors of 3249.
3, 19
What are the prime factors of 41819?
19, 31, 71
What are the prime factors of 4286?
2, 2143
What are the prime factors of 747?
3, 83
List the prime factors of 26986.
2, 103, 131
What are the prime factors of 2263?
31, 73
What are the prime factors of 6761?
6761
List the prime factors of 38353.
7, 5479
List the prime factors of 1315.
5, 263
List the prime factors of 21477.
3, 7159
List the prime factors of 1420.
2, 5, 71
What are the prime factors of 3331?
3331
List the prime factors of 3464.
2, 433
What are the prime factors of 61696?
2, 241
List the prime factors of 488.
2, 61
What are the prime factors of 3997?
7, 571
What are the prime factors of 28602?
2, 3, 7, 227
What are the prime factors of 1794?
2, 3, 13, 23
List the prime factors of 113723.
113723
List the prime factors of 21969.
3, 2441
What are the prime factors of 396?
2, 3, 11
What are the prime factors of 42875?
5, 7
What are the prime factors of 114546?
2, 3, 17, 1123
What are the prime factors of 10333?
10333
List the prime factors of 1123.
1123
What are the prime factors of 16524?
2, 3, 17
What are the prime factors of 1076?
2, 269
What are the prime factors of 1298?
2, 11, 59
What are the prime factors of 3503?
31, 113
List the prime factors of 135909.
3, 15101
List the prime factors of 14919.
3, 4973
What are the prime factors of 116783?
29, 4027
What are the prime factors of 153?
3, 17
What are the prime factors of 7073?
11, 643
What are the prime factors of 2979?
3, 331
List the prime factors of 2329.
17, 137
List the prime factors of 1270.
2, 5, 127
What are the prime factors of 2239?
2239
What are the prime factors of 113101?
17, 6653
List the prime factors of 30010.
2, 5, 3001
What are the prime factors of 1071?
3, 7, 17
What are the prime factors of 9555?
3, 5, 7, 13
List the prime factors of 313